{"id":2176,"date":"2025-01-13T14:45:11","date_gmt":"2025-01-13T13:45:11","guid":{"rendered":"https:\/\/www.hoeco.fr\/?page_id=2176"},"modified":"2025-01-16T08:23:27","modified_gmt":"2025-01-16T07:23:27","slug":"la-halle-de-la-cartoucherie","status":"publish","type":"page","link":"https:\/\/www.hoeco.fr\/?page_id=2176","title":{"rendered":"LA HALLE DE LA CARTOUCHERIE"},"content":{"rendered":"<div data-colibri-id=\"2176-c1\" class=\"style-1418 style-local-2176-c1 position-relative\">\n  <!---->\n  <div data-colibri-component=\"section\" data-colibri-id=\"2176-c2\" id=\"reusable-sections\" class=\"h-section h-section-global-spacing d-flex align-items-lg-center align-items-md-center align-items-center style-1419 style-local-2176-c2 position-relative\">\n    <!---->\n    <!---->\n    <div class=\"h-section-grid-container h-section-fluid-container\">\n      <!---->\n      <div data-colibri-id=\"2176-c3\" class=\"h-row-container gutters-row-lg-0 gutters-row-md-0 gutters-row-0 gutters-row-v-lg-0 gutters-row-v-md-0 gutters-row-v-0 style-1420 style-local-2176-c3 position-relative\">\n        <!---->\n        <div class=\"h-row justify-content-lg-center justify-content-md-center justify-content-center align-items-lg-stretch align-items-md-stretch align-items-stretch gutters-col-lg-0 gutters-col-md-0 gutters-col-0 gutters-col-v-lg-0 gutters-col-v-md-0 gutters-col-v-0\">\n          <!---->\n          <div class=\"h-column h-column-container d-flex h-col-lg-auto h-col-md-auto h-col-auto style-1421-outer style-local-2176-c4-outer\">\n            <div data-colibri-id=\"2176-c4\" class=\"d-flex h-flex-basis h-column__inner h-px-lg-2 h-px-md-2 h-px-2 v-inner-lg-2 v-inner-md-2 v-inner-2 style-1421 style-local-2176-c4 position-relative\">\n              <!---->\n              <!---->\n              <div class=\"w-100 h-y-container h-column__content h-column__v-align flex-basis-100 align-self-lg-start align-self-md-start align-self-start\">\n                <!---->\n                <div data-colibri-id=\"2176-c5\" class=\"d-block style-1422 style-local-2176-c5 position-relative h-element\">\n                  <!---->\n                  <div class=\"h-image__frame-container-outer\">\n                    <div class=\"h-image__frame-container\">\n                      <!---->\n                      <!---->\n                      <img loading=\"lazy\" decoding=\"async\" width=\"1609\" height=\"1061\" src=\"https:\/\/www.hoeco.fr\/wp-content\/uploads\/2024\/08\/914826AD-AE5D-42F4-AD08-FE16A26EF84A.jpeg\" class=\"wp-image-2050 style-1422-image style-local-2176-c5-image\" alt=\"\" srcset=\"https:\/\/www.hoeco.fr\/wp-content\/uploads\/2024\/08\/914826AD-AE5D-42F4-AD08-FE16A26EF84A.jpeg 1609w, https:\/\/www.hoeco.fr\/wp-content\/uploads\/2024\/08\/914826AD-AE5D-42F4-AD08-FE16A26EF84A-300x198.jpeg 300w, https:\/\/www.hoeco.fr\/wp-content\/uploads\/2024\/08\/914826AD-AE5D-42F4-AD08-FE16A26EF84A-1024x675.jpeg 1024w, https:\/\/www.hoeco.fr\/wp-content\/uploads\/2024\/08\/914826AD-AE5D-42F4-AD08-FE16A26EF84A-768x506.jpeg 768w, https:\/\/www.hoeco.fr\/wp-content\/uploads\/2024\/08\/914826AD-AE5D-42F4-AD08-FE16A26EF84A-1536x1013.jpeg 1536w\" sizes=\"auto, (max-width: 1609px) 100vw, 1609px\" \/>\n                      <div class=\"h-image__frame h-hide-lg h-hide-md h-hide-sm style-1422-frameImage style-local-2176-c5-frameImage\"><\/div>\n                    <\/div>\n                  <\/div>\n                <\/div>\n                <div data-colibri-id=\"2176-c6\" class=\"d-block style-1423 style-local-2176-c6 position-relative h-element\">\n                  <!---->\n                  <div class=\"h-image__frame-container-outer\">\n                    <div class=\"h-image__frame-container\">\n                      <!---->\n                      <!---->\n                      <img loading=\"lazy\" decoding=\"async\" width=\"2231\" height=\"1482\" src=\"https:\/\/www.hoeco.fr\/wp-content\/uploads\/2024\/08\/BDB0149A-C5B9-47D0-BEC6-F3386020EC04.jpeg\" class=\"wp-image-2055 style-1423-image style-local-2176-c6-image\" alt=\"\" srcset=\"https:\/\/www.hoeco.fr\/wp-content\/uploads\/2024\/08\/BDB0149A-C5B9-47D0-BEC6-F3386020EC04.jpeg 2231w, https:\/\/www.hoeco.fr\/wp-content\/uploads\/2024\/08\/BDB0149A-C5B9-47D0-BEC6-F3386020EC04-300x199.jpeg 300w, https:\/\/www.hoeco.fr\/wp-content\/uploads\/2024\/08\/BDB0149A-C5B9-47D0-BEC6-F3386020EC04-1024x680.jpeg 1024w, https:\/\/www.hoeco.fr\/wp-content\/uploads\/2024\/08\/BDB0149A-C5B9-47D0-BEC6-F3386020EC04-768x510.jpeg 768w, https:\/\/www.hoeco.fr\/wp-content\/uploads\/2024\/08\/BDB0149A-C5B9-47D0-BEC6-F3386020EC04-1536x1020.jpeg 1536w, https:\/\/www.hoeco.fr\/wp-content\/uploads\/2024\/08\/BDB0149A-C5B9-47D0-BEC6-F3386020EC04-2048x1360.jpeg 2048w\" sizes=\"auto, (max-width: 2231px) 100vw, 2231px\" \/>\n                      <div class=\"h-image__frame h-hide-lg h-hide-md h-hide-sm style-1423-frameImage style-local-2176-c6-frameImage\"><\/div>\n                    <\/div>\n                  <\/div>\n                <\/div>\n                <div data-colibri-id=\"2176-c7\" class=\"d-block style-1423 style-local-2176-c7 position-relative h-element\">\n                  <!---->\n                  <div class=\"h-image__frame-container-outer\">\n                    <div class=\"h-image__frame-container\">\n                      <!---->\n                      <!---->\n                      <img loading=\"lazy\" decoding=\"async\" width=\"2402\" height=\"1602\" src=\"https:\/\/www.hoeco.fr\/wp-content\/uploads\/2024\/08\/083458EA-D235-4E6D-B403-2C9DE6DEA4ED.jpeg\" class=\"wp-image-2054 style-1423-image style-local-2176-c7-image\" alt=\"\" srcset=\"https:\/\/www.hoeco.fr\/wp-content\/uploads\/2024\/08\/083458EA-D235-4E6D-B403-2C9DE6DEA4ED.jpeg 2402w, https:\/\/www.hoeco.fr\/wp-content\/uploads\/2024\/08\/083458EA-D235-4E6D-B403-2C9DE6DEA4ED-300x200.jpeg 300w, https:\/\/www.hoeco.fr\/wp-content\/uploads\/2024\/08\/083458EA-D235-4E6D-B403-2C9DE6DEA4ED-1024x683.jpeg 1024w, https:\/\/www.hoeco.fr\/wp-content\/uploads\/2024\/08\/083458EA-D235-4E6D-B403-2C9DE6DEA4ED-768x512.jpeg 768w, https:\/\/www.hoeco.fr\/wp-content\/uploads\/2024\/08\/083458EA-D235-4E6D-B403-2C9DE6DEA4ED-1536x1024.jpeg 1536w, https:\/\/www.hoeco.fr\/wp-content\/uploads\/2024\/08\/083458EA-D235-4E6D-B403-2C9DE6DEA4ED-2048x1366.jpeg 2048w\" sizes=\"auto, (max-width: 2402px) 100vw, 2402px\" \/>\n                      <div class=\"h-image__frame h-hide-lg h-hide-md h-hide-sm style-1423-frameImage style-local-2176-c7-frameImage\"><\/div>\n                    <\/div>\n                  <\/div>\n                <\/div>\n                <div data-colibri-id=\"2176-c8\" class=\"d-block style-1423 style-local-2176-c8 position-relative h-element\">\n                  <!---->\n                  <div class=\"h-image__frame-container-outer\">\n                    <div class=\"h-image__frame-container\">\n                      <!---->\n                      <!---->\n                      <img loading=\"lazy\" decoding=\"async\" width=\"1148\" height=\"1695\" src=\"https:\/\/www.hoeco.fr\/wp-content\/uploads\/2024\/08\/778FBF0E-052B-4B0B-B435-5C11B63CFD33.jpeg\" class=\"wp-image-2052 style-1423-image style-local-2176-c8-image\" alt=\"\" srcset=\"https:\/\/www.hoeco.fr\/wp-content\/uploads\/2024\/08\/778FBF0E-052B-4B0B-B435-5C11B63CFD33.jpeg 1148w, https:\/\/www.hoeco.fr\/wp-content\/uploads\/2024\/08\/778FBF0E-052B-4B0B-B435-5C11B63CFD33-203x300.jpeg 203w, https:\/\/www.hoeco.fr\/wp-content\/uploads\/2024\/08\/778FBF0E-052B-4B0B-B435-5C11B63CFD33-694x1024.jpeg 694w, https:\/\/www.hoeco.fr\/wp-content\/uploads\/2024\/08\/778FBF0E-052B-4B0B-B435-5C11B63CFD33-768x1134.jpeg 768w, https:\/\/www.hoeco.fr\/wp-content\/uploads\/2024\/08\/778FBF0E-052B-4B0B-B435-5C11B63CFD33-1040x1536.jpeg 1040w\" sizes=\"auto, (max-width: 1148px) 100vw, 1148px\" \/>\n                      <div class=\"h-image__frame h-hide-lg h-hide-md h-hide-sm style-1423-frameImage style-local-2176-c8-frameImage\"><\/div>\n                    <\/div>\n                  <\/div>\n                <\/div>\n                <div data-colibri-id=\"2176-c9\" class=\"d-block style-1423 style-local-2176-c9 position-relative h-element\">\n                  <!---->\n                  <div class=\"h-image__frame-container-outer\">\n                    <div class=\"h-image__frame-container\">\n                      <!---->\n                      <!---->\n                      <img loading=\"lazy\" decoding=\"async\" width=\"2228\" height=\"1478\" src=\"https:\/\/www.hoeco.fr\/wp-content\/uploads\/2024\/08\/1D9D292C-89AE-4BFA-98E8-0076C50BDFF0.jpeg\" class=\"wp-image-2056 style-1423-image style-local-2176-c9-image\" alt=\"\" srcset=\"https:\/\/www.hoeco.fr\/wp-content\/uploads\/2024\/08\/1D9D292C-89AE-4BFA-98E8-0076C50BDFF0.jpeg 2228w, https:\/\/www.hoeco.fr\/wp-content\/uploads\/2024\/08\/1D9D292C-89AE-4BFA-98E8-0076C50BDFF0-300x199.jpeg 300w, https:\/\/www.hoeco.fr\/wp-content\/uploads\/2024\/08\/1D9D292C-89AE-4BFA-98E8-0076C50BDFF0-1024x679.jpeg 1024w, https:\/\/www.hoeco.fr\/wp-content\/uploads\/2024\/08\/1D9D292C-89AE-4BFA-98E8-0076C50BDFF0-768x509.jpeg 768w, https:\/\/www.hoeco.fr\/wp-content\/uploads\/2024\/08\/1D9D292C-89AE-4BFA-98E8-0076C50BDFF0-1536x1019.jpeg 1536w, https:\/\/www.hoeco.fr\/wp-content\/uploads\/2024\/08\/1D9D292C-89AE-4BFA-98E8-0076C50BDFF0-2048x1359.jpeg 2048w\" sizes=\"auto, (max-width: 2228px) 100vw, 2228px\" \/>\n                      <div class=\"h-image__frame h-hide-lg h-hide-md h-hide-sm style-1423-frameImage style-local-2176-c9-frameImage\"><\/div>\n                    <\/div>\n                  <\/div>\n                <\/div>\n              <\/div>\n            <\/div>\n          <\/div>\n          <div class=\"h-column h-column-container d-flex h-col-lg-auto h-col-md-auto h-col-auto style-1424-outer style-local-2176-c10-outer\">\n            <div data-colibri-id=\"2176-c10\" class=\"d-flex h-flex-basis h-column__inner h-px-lg-2 h-px-md-2 h-px-2 v-inner-lg-2 v-inner-md-2 v-inner-2 style-1424 style-local-2176-c10 position-relative\">\n              <!---->\n              <!---->\n              <div class=\"w-100 h-y-container h-column__content h-column__v-align flex-basis-100 align-self-lg-start align-self-md-start align-self-start\">\n                <!---->\n                <div data-colibri-id=\"2176-c11\" class=\"h-global-transition-all h-heading style-1425 style-local-2176-c11 position-relative h-element\">\n                  <!---->\n                  <div class=\"h-heading__outer style-1425 style-local-2176-c11\">\n                    <!---->\n                    <!---->\n                    <h4 class=\"\">R\u00e9habilitation de la halle 121 de la Cartoucherie en tiers-lieu<\/h4>\n                  <\/div>\n                <\/div>\n                <div data-colibri-id=\"2176-c12\" class=\"h-text h-text-component style-1426 style-local-2176-c12 position-relative h-element\">\n                  <!---->\n                  <!---->\n                  <div class=\"\">\n                    <p>Cr\u00e9ation d&rsquo;une salle de spectacle de 1200 places, d&rsquo;une halle gourmande, du lieu de co-working, d&rsquo;un espace bien-\u00eatre et sport, d&rsquo;une halle verte et d&rsquo;une salle d&rsquo;escalade.<\/p>\n                  <\/div>\n                <\/div>\n                <div data-colibri-id=\"2176-c13\" class=\"h-text h-text-component style-1427 style-local-2176-c13 position-relative h-element\">\n                  <!---->\n                  <!---->\n                  <div class=\"\">\n                    <p><span style=\"font-weight: 700;\">Ma\u00eetre d&rsquo;ouvrage<\/span><\/p>\n                    <p>SAS du Tiers Lieu<\/p>\n                    <p><span style=\"font-weight: 700;\">Con\u00e7u par<\/span><\/p>\n                    <p>Chlo\u00e9 BODART (Compagnie architecture, architecte mandataire)\n                      <br>OECO (architectes associ\u00e9s)<\/p>\n                  <\/div>\n                <\/div>\n                <div data-colibri-id=\"2176-c14\" class=\"h-text h-text-component style-1428 style-local-2176-c14 position-relative h-element\">\n                  <!---->\n                  <!---->\n                  <div class=\"\">\n                    <p><span style=\"font-weight: 700;\">Les \u00e9quipes&nbsp;<\/span>\n                      <br>TERRELL (Structure et enveloppe)\n                      <br>CEERCE (Fluides)\n                      <br>Gamba (Acoustique)\n                      <br>IDTEC (VRD et Paysagiste)\n                      <br>EEC (OPC)<\/p>\n                    <p><span style=\"font-weight: 700;\">Missions r\u00e9alis\u00e9es par HOECO<\/span>\n                      <br>\u00c9conomie de la construction<\/p>\n                    <p><span style=\"font-weight: 700;\">Montant des travaux<\/span>\n                      <br>13.000.000\u20ac HT<\/p>\n                    <p><span style=\"font-weight: 700;\">Surface<\/span>\n                      <br>10.500m\n                      <sup>2<\/sup>\n                    <\/p>\n                    <p><span style=\"font-weight: 700;\">Quand?<\/span>\n                      <br>Livr\u00e9e en Juin 2023<\/p>\n                    <p><span style=\"font-weight: 700;\">Performance<\/span>\n                      <br>HQH<\/p>\n                  <\/div>\n                <\/div>\n              <\/div>\n            <\/div>\n          <\/div>\n        <\/div>\n      <\/div>\n    <\/div>\n  <\/div>\n<\/div>","protected":false},"excerpt":{"rendered":"<p>R\u00e9habilitation de la halle 121 de la Cartoucherie en tiers-lieu Cr\u00e9ation d&rsquo;une salle de spectacle de 1200 places, d&rsquo;une halle gourmande, du lieu de co-working, d&rsquo;un espace bien-\u00eatre et sport, d&rsquo;une halle verte et d&rsquo;une salle d&rsquo;escalade. Ma\u00eetre d&rsquo;ouvrage SAS du Tiers Lieu Con\u00e7u par Chlo\u00e9 BODART (Compagnie architecture, architecte mandataire) OECO (architectes associ\u00e9s) Les [&hellip;]<\/p>\n","protected":false},"author":1,"featured_media":0,"parent":0,"menu_order":0,"comment_status":"closed","ping_status":"closed","template":"page-templates\/full-width-page.php","meta":{"footnotes":""},"class_list":["post-2176","page","type-page","status-publish","hentry"],"_links":{"self":[{"href":"https:\/\/www.hoeco.fr\/index.php?rest_route=\/wp\/v2\/pages\/2176","targetHints":{"allow":["GET"]}}],"collection":[{"href":"https:\/\/www.hoeco.fr\/index.php?rest_route=\/wp\/v2\/pages"}],"about":[{"href":"https:\/\/www.hoeco.fr\/index.php?rest_route=\/wp\/v2\/types\/page"}],"author":[{"embeddable":true,"href":"https:\/\/www.hoeco.fr\/index.php?rest_route=\/wp\/v2\/users\/1"}],"replies":[{"embeddable":true,"href":"https:\/\/www.hoeco.fr\/index.php?rest_route=%2Fwp%2Fv2%2Fcomments&post=2176"}],"version-history":[{"count":2,"href":"https:\/\/www.hoeco.fr\/index.php?rest_route=\/wp\/v2\/pages\/2176\/revisions"}],"predecessor-version":[{"id":2288,"href":"https:\/\/www.hoeco.fr\/index.php?rest_route=\/wp\/v2\/pages\/2176\/revisions\/2288"}],"wp:attachment":[{"href":"https:\/\/www.hoeco.fr\/index.php?rest_route=%2Fwp%2Fv2%2Fmedia&parent=2176"}],"curies":[{"name":"wp","href":"https:\/\/api.w.org\/{rel}","templated":true}]}}